{"id":10020,"date":"2025-06-16T09:32:38","date_gmt":"2025-06-16T09:32:38","guid":{"rendered":"https:\/\/pc-africa.com\/?page_id=10020"},"modified":"2025-06-18T15:44:55","modified_gmt":"2025-06-18T15:44:55","slug":"nos-domaines","status":"publish","type":"page","link":"https:\/\/pc-africa.com\/index.php\/nos-domaines\/","title":{"rendered":"Nos domaines"},"content":{"rendered":"\t\t<div data-elementor-type=\"wp-page\" data-elementor-id=\"10020\" class=\"elementor elementor-10020\" data-elementor-post-type=\"page\">\n\t\t\t\t<div class=\"elementor-element elementor-element-afef1c9 e-flex e-con-boxed e-con e-parent\" data-id=\"afef1c9\" data-element_type=\"container\">\n\t\t\t\t\t<div class=\"e-con-inner\">\n\t\t<div class=\"elementor-element elementor-element-95a5f09 e-flex e-con-boxed e-con e-child\" data-id=\"95a5f09\" data-element_type=\"container\">\n\t\t\t\t\t<div class=\"e-con-inner\">\n\t\t\t\t<div class=\"elementor-element elementor-element-b784f3f elementor-widget__width-auto elementor-invisible elementor-widget elementor-widget-heading\" data-id=\"b784f3f\" data-element_type=\"widget\" data-settings=\"{&quot;_animation&quot;:&quot;slide-up&quot;}\" data-widget_type=\"heading.default\">\n\t\t\t\t<div class=\"elementor-widget-container\">\n\t\t\t\t\t<span class=\"elementor-heading-title elementor-size-default\">DOMAINES DE SPECIALISATION<\/span>\t\t\t\t<\/div>\n\t\t\t\t<\/div>\n\t\t\t\t<div class=\"elementor-element elementor-element-3f4df51 home-one-baner-desc elementor-invisible elementor-widget elementor-widget-heading\" data-id=\"3f4df51\" data-element_type=\"widget\" data-settings=\"{&quot;_animation&quot;:&quot;slide-up&quot;,&quot;_animation_delay&quot;:200}\" data-widget_type=\"heading.default\">\n\t\t\t\t<div class=\"elementor-widget-container\">\n\t\t\t\t\t<h2 class=\"elementor-heading-title elementor-size-default\">Comp\u00e9tences au service de l\u2019Afrique<\/h2>\t\t\t\t<\/div>\n\t\t\t\t<\/div>\n\t\t\t\t<div class=\"elementor-element elementor-element-95b1922 eduvibe-desc-with-left-border elementor-invisible elementor-widget elementor-widget-text-editor\" data-id=\"95b1922\" data-element_type=\"widget\" data-settings=\"{&quot;_animation&quot;:&quot;slide-up&quot;,&quot;_animation_delay&quot;:300}\" data-widget_type=\"text-editor.default\">\n\t\t\t\t<div class=\"elementor-widget-container\">\n\t\t\t\t\t\t\t\t\t<p><strong>PC-AFRICA est un acteur panafricain multidisciplinaire engag\u00e9 dans la transformation des organisations.<\/strong><\/p>\t\t\t\t\t\t\t\t<\/div>\n\t\t\t\t<\/div>\n\t\t\t\t<div class=\"elementor-element elementor-element-a4c0814 elementor-invisible elementor-widget elementor-widget-eduvibe-button\" data-id=\"a4c0814\" data-element_type=\"widget\" data-settings=\"{&quot;_animation&quot;:&quot;slide-up&quot;,&quot;_animation_delay&quot;:400}\" data-widget_type=\"eduvibe-button.default\">\n\t\t\t\t<div class=\"elementor-widget-container\">\n\t\t\t\t\t<div class=\"eduvibe-button-widget-wrapper\"><a class=\"eduvibe-button-item eduvibe-primary-button eduvibe-button-type-fill eduvibe-primary-button-icon-position-after\">D\u00e9couvrez nos champs d\u2019intervention<i class=\"icon-arrow-right-line-right\"><\/i><\/a><\/div>\t\t\t\t<\/div>\n\t\t\t\t<\/div>\n\t\t\t\t\t<\/div>\n\t\t\t\t<\/div>\n\t\t<div class=\"elementor-element elementor-element-9b284f4 e-con-full e-flex e-con e-child\" data-id=\"9b284f4\" data-element_type=\"container\">\n\t\t\t\t<div class=\"elementor-element elementor-element-e62651b elementor-widget elementor-widget-image\" data-id=\"e62651b\" data-element_type=\"widget\" data-widget_type=\"image.default\">\n\t\t\t\t<div class=\"elementor-widget-container\">\n\t\t\t\t\t\t\t\t\t\t\t\t\t\t\t<img fetchpriority=\"high\" decoding=\"async\" width=\"626\" height=\"569\" src=\"https:\/\/pc-africa.com\/wp-content\/uploads\/2025\/06\/customer-service-faqs-illustration_53876-139724.avif\" class=\"attachment-large size-large wp-image-10034\" alt=\"\" srcset=\"https:\/\/pc-africa.com\/wp-content\/uploads\/2025\/06\/customer-service-faqs-illustration_53876-139724.avif 626w, https:\/\/pc-africa.com\/wp-content\/uploads\/2025\/06\/customer-service-faqs-illustration_53876-139724-300x273.avif 300w, https:\/\/pc-africa.com\/wp-content\/uploads\/2025\/06\/customer-service-faqs-illustration_53876-139724-600x545.avif 600w\" sizes=\"(max-width: 626px) 100vw, 626px\" \/>\t\t\t\t\t\t\t\t\t\t\t\t\t\t\t<\/div>\n\t\t\t\t<\/div>\n\t\t\t\t<\/div>\n\t\t\t\t\t<\/div>\n\t\t\t\t<\/div>\n\t\t\t\t<section class=\"elementor-section elementor-top-section elementor-element elementor-element-52da5d3 elementor-section-boxed elementor-section-height-default elementor-section-height-default\" data-id=\"52da5d3\" data-element_type=\"section\">\n\t\t\t\t\t\t<div class=\"elementor-container elementor-column-gap-default\">\n\t\t\t\t\t<div class=\"elementor-column elementor-col-100 elementor-top-column elementor-element elementor-element-e853c70\" data-id=\"e853c70\" data-element_type=\"column\">\n\t\t\t<div class=\"elementor-widget-wrap elementor-element-populated\">\n\t\t\t\t\t\t<div class=\"elementor-element elementor-element-a04ba8e elementor-invisible elementor-widget elementor-widget-eduvibe-section-title\" data-id=\"a04ba8e\" data-element_type=\"widget\" data-settings=\"{&quot;_animation&quot;:&quot;slide-up&quot;}\" data-widget_type=\"eduvibe-section-title.default\">\n\t\t\t\t<div class=\"elementor-widget-container\">\n\t\t\t\t\t<div class=\"section-title\"><span class=\"pre-title\">COMPETENCES CLES<\/span><h3 class=\"title\">Nos domaines d\u2019expertise<\/h3><\/div>\t\t\t\t<\/div>\n\t\t\t\t<\/div>\n\t\t\t\t<div class=\"elementor-element elementor-element-cb765bf elementor-widget__width-initial elementor-widget elementor-widget-search\" data-id=\"cb765bf\" data-element_type=\"widget\" data-settings=\"{&quot;live_results&quot;:&quot;yes&quot;,&quot;submit_trigger&quot;:&quot;click_submit&quot;,&quot;pagination_type_options&quot;:&quot;none&quot;,&quot;results_is_dropdown_width&quot;:&quot;search_field&quot;}\" data-widget_type=\"search.default\">\n\t\t\t\t<div class=\"elementor-widget-container\">\n\t\t\t\t\t\t\t<search class=\"e-search hidden\" role=\"search\">\n\t\t\t<form class=\"e-search-form\" action=\"https:\/\/pc-africa.com\" method=\"get\">\n\n\t\t\t\t\n\t\t\t\t<label class=\"e-search-label\" for=\"search-cb765bf\">\n\t\t\t\t\t<span class=\"elementor-screen-only\">\n\t\t\t\t\t\tRechercher \t\t\t\t\t<\/span>\n\t\t\t\t\t\t\t\t\t<\/label>\n\n\t\t\t\t<div class=\"e-search-input-wrapper\">\n\t\t\t\t\t<input id=\"search-cb765bf\" placeholder=\"lancer une recherche...\" class=\"e-search-input\" type=\"search\" name=\"s\" value=\"\" autocomplete=\"on\" role=\"combobox\" aria-autocomplete=\"list\" aria-expanded=\"false\" aria-controls=\"results-cb765bf\" aria-haspopup=\"listbox\">\n\t\t\t\t\t<svg aria-hidden=\"true\" class=\"e-font-icon-svg e-fas-times\" viewBox=\"0 0 352 512\" xmlns=\"http:\/\/www.w3.org\/2000\/svg\"><path d=\"M242.72 256l100.07-100.07c12.28-12.28 12.28-32.19 0-44.48l-22.24-22.24c-12.28-12.28-32.19-12.28-44.48 0L176 189.28 75.93 89.21c-12.28-12.28-32.19-12.28-44.48 0L9.21 111.45c-12.28 12.28-12.28 32.19 0 44.48L109.28 256 9.21 356.07c-12.28 12.28-12.28 32.19 0 44.48l22.24 22.24c12.28 12.28 32.2 12.28 44.48 0L176 322.72l100.07 100.07c12.28 12.28 32.2 12.28 44.48 0l22.24-22.24c12.28-12.28 12.28-32.19 0-44.48L242.72 256z\"><\/path><\/svg>\t\t\t\t\t\t\t\t\t\t<output id=\"results-cb765bf\" class=\"e-search-results-container hide-loader\" aria-live=\"polite\" aria-atomic=\"true\" aria-label=\"Results for search\" tabindex=\"0\">\n\t\t\t\t\t\t<div class=\"e-search-results\"><\/div>\n\t\t\t\t\t\t\t\t\t\t\t<\/output>\n\t\t\t\t\t\t\t\t\t<\/div>\n\t\t\t\t\n\t\t\t\t\n\t\t\t\t<button class=\"e-search-submit  \" type=\"submit\">\n\t\t\t\t\t\n\t\t\t\t\t\t\t\t\t\t<span class=\"\">\n\t\t\t\t\t\tRechercher\t\t\t\t\t<\/span>\n\t\t\t\t\t\t\t\t\t<\/button>\n\t\t\t\t<input type=\"hidden\" name=\"e_search_props\" value=\"cb765bf-10020\">\n\t\t\t<\/form>\n\t\t<\/search>\n\t\t\t\t\t\t<\/div>\n\t\t\t\t<\/div>\n\t\t\t\t<div class=\"elementor-element elementor-element-52ca663 elementor-invisible elementor-widget elementor-widget-eduvibe-lp-course-category\" data-id=\"52ca663\" data-element_type=\"widget\" data-settings=\"{&quot;_animation&quot;:&quot;slide-up&quot;,&quot;_animation_delay&quot;:300}\" data-widget_type=\"eduvibe-lp-course-category.default\">\n\t\t\t\t<div class=\"elementor-widget-container\">\n\t\t\t\t\t<div class=\"eduvibe-course-cat-container eduvibe-course-cat-wrapper-grid active-white-bg eduvibe-row\"><div class=\"eduvibe-col-lg-4 eduvibe-col-md-6 eduvibe-col-sm-6 eduvibe-course-cat-single-grid elementor-repeater-item-804645c\"><div class=\"eduvibe-category-1 radius-small\"><div class=\"inner\"><div class=\"thumbnail\"><a href=\"https:\/\/pc-africa.com\/index.php\/conseil-juridique\/\"><img decoding=\"async\" src=\"https:\/\/pc-africa.com\/wp-content\/uploads\/2025\/06\/homme-afro-americain-en-costume-presentant-une-idee-d-entreprise-a-une-collegue-au-bureau-590x430.jpg\" alt=\"Young African-American businessman explaining his idea to smiling business lady\"><\/a><\/div><div class=\"content\"><h6 class=\"title\"><a href=\"https:\/\/pc-africa.com\/index.php\/conseil-juridique\/\">Conseil Juridique<\/a><\/h6><p class=\"description\">Nous offrons un accompagnement juridique strat\u00e9gique pour les entreprises, institutions et projets, avec une expertise en droit des affaires, droit public et fiscalit\u00e9.<\/p><\/div><\/div><\/div><\/div><div class=\"eduvibe-col-lg-4 eduvibe-col-md-6 eduvibe-col-sm-6 eduvibe-course-cat-single-grid elementor-repeater-item-b7fd5aa\"><div class=\"eduvibe-category-1 radius-small\"><div class=\"inner\"><div class=\"thumbnail\"><a href=\"https:\/\/pc-africa.com\/index.php\/amenagement-et-systemes-dinformations-geographique\"><img decoding=\"async\" src=\"https:\/\/pc-africa.com\/wp-content\/uploads\/2025\/06\/2105.i301.034.F.m004.c9.Geodesy-isometric-background-590x430.jpg\" alt=\"Geodesy isometric background with profile view of earth globe with map measure tape and worker characters vector illustration\"><\/a><\/div><div class=\"content\"><h6 class=\"title\"><a href=\"https:\/\/pc-africa.com\/index.php\/amenagement-et-systemes-dinformations-geographique\">Am\u00e9nagement et Syst\u00e8mes d&#039;informations G\u00e9ographique<\/a><\/h6><p class=\"description\">Nous utilisons la cartographie et l\u2019analyse spatiale pour appuyer la prise de d\u00e9cision, la planification territoriale et la gestion des ressources naturelles.<\/p><\/div><\/div><\/div><\/div><div class=\"eduvibe-col-lg-4 eduvibe-col-md-6 eduvibe-col-sm-6 eduvibe-course-cat-single-grid elementor-repeater-item-7ac9851\"><div class=\"eduvibe-category-1 radius-small\"><div class=\"inner\"><div class=\"thumbnail\"><a href=\"https:\/\/pc-africa.com\/index.php\/communication-et-langue\"><img decoding=\"async\" src=\"https:\/\/pc-africa.com\/wp-content\/uploads\/2025\/06\/iStock-1124695331-1024x758-1-590x430.jpg\" alt=\"iStock-1124695331-1024x758\"><\/a><\/div><div class=\"content\"><h6 class=\"title\"><a href=\"https:\/\/pc-africa.com\/index.php\/communication-et-langue\">Communication &amp; Langues<\/a><\/h6><p class=\"description\">Nos services incluent la traduction, l\u2019interpr\u00e9tariat, l\u2019\u00e9dition, la cr\u00e9ation de contenus, la gestion de campagnes publicitaires, et bien d\u2019autres outils de communication pour renforcer votre impact et votre visibilit\u00e9.<\/p><\/div><\/div><\/div><\/div><div class=\"eduvibe-col-lg-4 eduvibe-col-md-6 eduvibe-col-sm-6 eduvibe-course-cat-single-grid elementor-repeater-item-1fb6075\"><div class=\"eduvibe-category-1 radius-small\"><div class=\"inner\"><div class=\"thumbnail\"><a href=\"https:\/\/pc-africa.com\/index.php\/systemes-numeriques-et-informatiques\"><img decoding=\"async\" src=\"https:\/\/pc-africa.com\/wp-content\/uploads\/2025\/06\/personnel-d-affaires-utilisant-l-ordinateur-portable-multitache-pour-terminer-les-taches-de-demarrage-quotidiennes-590x430.jpg\" alt=\"Business person using laptop multitasking to finish daily startup tasks, internet of things concept. Uses artificial intelligence optimization system for productivity, access pc smart things menu.\"><\/a><\/div><div class=\"content\"><h6 class=\"title\"><a href=\"https:\/\/pc-africa.com\/index.php\/systemes-numeriques-et-informatiques\">syst\u00e8mes num\u00e9riques et informatiques <\/a><\/h6><p class=\"description\">D\u00e9veloppement de solutions num\u00e9riques, intelligence artificielle, cybers\u00e9curit\u00e9, transformation digitale\u2026 Nous conjuguons technologie et innovation au service de la performance.<\/p><\/div><\/div><\/div><\/div><div class=\"eduvibe-col-lg-4 eduvibe-col-md-6 eduvibe-col-sm-6 eduvibe-course-cat-single-grid elementor-repeater-item-04b900a\"><div class=\"eduvibe-category-1 radius-small\"><div class=\"inner\"><div class=\"thumbnail\"><a href=\"\"><img decoding=\"async\" src=\"https:\/\/pc-africa.com\/wp-content\/uploads\/2025\/06\/formations-certifiantes-2-590x430.png\" alt=\"formations-certifiantes-2\"><\/a><\/div><div class=\"content\"><h6 class=\"title\"><a href=\"\">Formations certifiantes<\/a><\/h6><p class=\"description\">Nous proposons des formations m\u00e9tiers qualifiantes et certifiantes adapt\u00e9es aux besoins du march\u00e9. Notre offre couvre de multiples secteurs et favorise l\u2019employabilit\u00e9 et la mont\u00e9e en comp\u00e9tences.<\/p><\/div><\/div><\/div><\/div><div class=\"eduvibe-col-lg-4 eduvibe-col-md-6 eduvibe-col-sm-6 eduvibe-course-cat-single-grid elementor-repeater-item-678ce8d\"><div class=\"eduvibe-category-1 radius-small\"><div class=\"inner\"><div class=\"thumbnail\"><a href=\"https:\/\/pc-africa.com\/index.php\/import-export\/\"><img decoding=\"async\" src=\"https:\/\/pc-africa.com\/wp-content\/uploads\/2025\/06\/vehicules-sur-la-representation-de-la-chaine-d-approvisionnement-des-ordinateurs-portables-590x430.jpg\" alt=\"vehicules-sur-la-representation-de-la-chaine-d-approvisionnement-des-ordinateurs-portables\"><\/a><\/div><div class=\"content\"><h6 class=\"title\"><a href=\"https:\/\/pc-africa.com\/index.php\/import-export\/\">Import \/ Export de Mat\u00e9riel Informatique<\/a><\/h6><p class=\"description\">PC-Africa facilite l\u2019approvisionnement en \u00e9quipements informatiques, bureautiques et technologiques \u00e0 travers un r\u00e9seau de partenaires fiables en Afrique et \u00e0 l\u2019international.\n\n<\/p><\/div><\/div><\/div><\/div><div class=\"eduvibe-col-lg-4 eduvibe-col-md-6 eduvibe-col-sm-6 eduvibe-course-cat-single-grid elementor-repeater-item-d5bc3ef\"><div class=\"eduvibe-category-1 radius-small\"><div class=\"inner\"><div class=\"thumbnail\"><a href=\"https:\/\/pc-africa.com\/index.php\/gouvernance-et-gestion-des-ressources-humaines\/\"><img decoding=\"async\" src=\"https:\/\/pc-africa.com\/wp-content\/uploads\/2025\/06\/les-femmes-d-affaires-parlant-pres-du-bureau-pendant-une-pause-cafe-dans-le-couloir-de-la-grande-societe-590x430.jpg\" alt=\"Business women talking near the desk during a coffee break in the hallway of the big corporation\"><\/a><\/div><div class=\"content\"><h6 class=\"title\"><a href=\"https:\/\/pc-africa.com\/index.php\/gouvernance-et-gestion-des-ressources-humaines\/\">Gouvernance et Gestion des ressources humaines <\/a><\/h6><p class=\"description\">Nous accompagnons les structures dans l\u2019optimisation de leurs ressources humaines et la mise en place de syst\u00e8mes de gouvernance transparents et efficaces.<\/p><\/div><\/div><\/div><\/div><div class=\"eduvibe-col-lg-4 eduvibe-col-md-6 eduvibe-col-sm-6 eduvibe-course-cat-single-grid elementor-repeater-item-773c29e\"><div class=\"eduvibe-category-1 radius-small\"><div class=\"inner\"><div class=\"thumbnail\"><a href=\"https:\/\/pc-africa.com\/index.php\/finances-comptabilite\"><img decoding=\"async\" src=\"https:\/\/pc-africa.com\/wp-content\/uploads\/2025\/06\/income-tax-4097292_640-640x381-1-590x381.jpg\" alt=\"income-tax-4097292_640-640x381\"><\/a><\/div><div class=\"content\"><h6 class=\"title\"><a href=\"https:\/\/pc-africa.com\/index.php\/finances-comptabilite\"> Finances &amp; Comptabilit\u00e9<\/a><\/h6><p class=\"description\">Nous apportons un accompagnement en gestion financi\u00e8re, comptabilit\u00e9, audit, fiscalit\u00e9 et contr\u00f4le de gestion pour aider les structures \u00e0 assurer leur p\u00e9rennit\u00e9 et leur conformit\u00e9 r\u00e9glementaire.<\/p><\/div><\/div><\/div><\/div><\/div>\t\t\t\t<\/div>\n\t\t\t\t<\/div>\n\t\t\t\t<div class=\"elementor-element elementor-element-eb70298 elementor-widget__width-auto elementor-absolute elementor-hidden-tablet elementor-hidden-mobile elementor-widget elementor-widget-eduvibe-animation\" data-id=\"eb70298\" data-element_type=\"widget\" data-settings=\"{&quot;_position&quot;:&quot;absolute&quot;}\" data-widget_type=\"eduvibe-animation.default\">\n\t\t\t\t<div class=\"elementor-widget-container\">\n\t\t\t\t\t<div class=\"eduvibe-animation-widget eduvibe-animation-display-type-infinite-animation eduvibe-animation-content-type-image\"><img decoding=\"async\" src=\"https:\/\/eduvibe.devsvibe.com\/main\/wp-content\/uploads\/2022\/10\/shape-12-2.png\" alt=\"\"><\/div>\t\t\t\t<\/div>\n\t\t\t\t<\/div>\n\t\t\t\t<div class=\"elementor-element elementor-element-1e27ed1 elementor-widget__width-auto elementor-absolute elementor-hidden-tablet elementor-hidden-mobile elementor-widget elementor-widget-eduvibe-animation\" data-id=\"1e27ed1\" data-element_type=\"widget\" data-settings=\"{&quot;_position&quot;:&quot;absolute&quot;}\" data-widget_type=\"eduvibe-animation.default\">\n\t\t\t\t<div class=\"elementor-widget-container\">\n\t\t\t\t\t<div class=\"eduvibe-animation-widget eduvibe-animation-display-type-infinite-animation eduvibe-animation-content-type-image\"><img decoding=\"async\" src=\"https:\/\/eduvibe.devsvibe.com\/main\/wp-content\/uploads\/2022\/10\/shape-10-2.png\" alt=\"\"><\/div>\t\t\t\t<\/div>\n\t\t\t\t<\/div>\n\t\t\t\t<div class=\"elementor-element elementor-element-eac3232 elementor-widget__width-auto elementor-absolute elementor-hidden-tablet elementor-hidden-mobile elementor-invisible elementor-widget elementor-widget-image\" data-id=\"eac3232\" data-element_type=\"widget\" data-settings=\"{&quot;_position&quot;:&quot;absolute&quot;,&quot;_animation&quot;:&quot;fadeIn&quot;}\" data-widget_type=\"image.default\">\n\t\t\t\t<div class=\"elementor-widget-container\">\n\t\t\t\t\t\t\t\t\t\t\t\t\t\t\t<img decoding=\"async\" src=\"https:\/\/eduvibe.devsvibe.com\/main\/wp-content\/uploads\/2022\/10\/shape-09-2.png\" title=\"\" alt=\"\" loading=\"lazy\" \/>\t\t\t\t\t\t\t\t\t\t\t\t\t\t\t<\/div>\n\t\t\t\t<\/div>\n\t\t\t\t<div class=\"elementor-element elementor-element-e19cd6d elementor-widget__width-auto elementor-absolute elementor-hidden-tablet elementor-hidden-mobile elementor-invisible elementor-widget elementor-widget-image\" data-id=\"e19cd6d\" data-element_type=\"widget\" data-settings=\"{&quot;_position&quot;:&quot;absolute&quot;,&quot;_animation&quot;:&quot;fadeIn&quot;}\" data-widget_type=\"image.default\">\n\t\t\t\t<div class=\"elementor-widget-container\">\n\t\t\t\t\t\t\t\t\t\t\t\t\t\t\t<img decoding=\"async\" src=\"https:\/\/eduvibe.devsvibe.com\/main\/wp-content\/uploads\/2022\/10\/shape-11-2.png\" title=\"\" alt=\"\" loading=\"lazy\" \/>\t\t\t\t\t\t\t\t\t\t\t\t\t\t\t<\/div>\n\t\t\t\t<\/div>\n\t\t\t\t\t<\/div>\n\t\t<\/div>\n\t\t\t\t\t<\/div>\n\t\t<\/section>\n\t\t\t\t<\/div>\n\t\t","protected":false},"excerpt":{"rendered":"<p>DOMAINES DE SPECIALISATION Comp\u00e9tences au service de l\u2019Afrique PC-AFRICA est un acteur panafricain multidisciplinaire engag\u00e9 dans la transformation des organisations.&#8230;<\/p>\n","protected":false},"author":1,"featured_media":0,"parent":0,"menu_order":0,"comment_status":"closed","ping_status":"closed","template":"","meta":{"footnotes":""},"class_list":["post-10020","page","type-page","status-publish","hentry"],"_links":{"self":[{"href":"https:\/\/pc-africa.com\/index.php\/wp-json\/wp\/v2\/pages\/10020","targetHints":{"allow":["GET"]}}],"collection":[{"href":"https:\/\/pc-africa.com\/index.php\/wp-json\/wp\/v2\/pages"}],"about":[{"href":"https:\/\/pc-africa.com\/index.php\/wp-json\/wp\/v2\/types\/page"}],"author":[{"embeddable":true,"href":"https:\/\/pc-africa.com\/index.php\/wp-json\/wp\/v2\/users\/1"}],"replies":[{"embeddable":true,"href":"https:\/\/pc-africa.com\/index.php\/wp-json\/wp\/v2\/comments?post=10020"}],"version-history":[{"count":43,"href":"https:\/\/pc-africa.com\/index.php\/wp-json\/wp\/v2\/pages\/10020\/revisions"}],"predecessor-version":[{"id":10476,"href":"https:\/\/pc-africa.com\/index.php\/wp-json\/wp\/v2\/pages\/10020\/revisions\/10476"}],"wp:attachment":[{"href":"https:\/\/pc-africa.com\/index.php\/wp-json\/wp\/v2\/media?parent=10020"}],"curies":[{"name":"wp","href":"https:\/\/api.w.org\/{rel}","templated":true}]}}